{"id":37845,"date":"2025-10-03T15:35:44","date_gmt":"2025-10-03T14:35:44","guid":{"rendered":"https:\/\/www.wood-studio-jardin.fr\/?post_type=product&#038;p=37845"},"modified":"2025-10-06T13:06:44","modified_gmt":"2025-10-06T12:06:44","slug":"maison-85-m%c2%b2-3","status":"publish","type":"product","link":"https:\/\/www.wood-studio-jardin.fr\/modeles-studio-jardin-extension-maison\/type\/maison-85-m%c2%b2-3\/","title":{"rendered":"Maison 85 m\u00b2 &#8211; 3 chambres"},"content":{"rendered":"","protected":false},"excerpt":{"rendered":"<p>D\u00e9couvrez cette maison fonctionnelle de 85 m\u00b2 pour toute la famille avec trois chambres, salon-s\u00e9jour, cuisine avec cellier, salle d\u2019eau et WC.<\/p>\n","protected":false},"featured_media":37833,"template":"","meta":{"_kad_post_transparent":"default","_kad_post_title":"","_kad_post_layout":"default","_kad_post_sidebar_id":"","_kad_post_content_style":"default","_kad_post_vertical_padding":"default","_kad_post_feature":"","_kad_post_feature_position":"","_kad_post_header":false,"_kad_post_footer":false},"product_cat":[632,631,575,572],"product_tag":[637],"yoast_head":"<!-- This site is optimized with the Yoast SEO plugin v19.2 - https:\/\/yoast.com\/wordpress\/plugins\/seo\/ -->\n<title>Maison 85 m\u00b2 - 3 chambres - Wood Studio Jardin Brest, Rennes, Vannes<\/title>\n<meta name=\"description\" content=\"Une pi\u00e8ce pour une personne \u00e0 mobilit\u00e9 r\u00e9duite. Choisissez votre surface : extension de 15m2, extension de 20m2, 30m2 ou sur-mesure\" \/>\n<meta name=\"robots\" content=\"index, follow, max-snippet:-1, max-image-preview:large, max-video-preview:-1\" \/>\n<link rel=\"canonical\" href=\"https:\/\/www.wood-studio-jardin.fr\/modeles-studio-jardin-extension-maison\/type\/maison-85-m\u00b2-3\/\" \/>\n<meta property=\"og:locale\" content=\"fr_FR\" \/>\n<meta property=\"og:type\" content=\"article\" \/>\n<meta property=\"og:url\" content=\"https:\/\/www.wood-studio-jardin.fr\/modeles-studio-jardin-extension-maison\/type\/maison-85-m\u00b2-3\/\" \/>\n<meta property=\"og:site_name\" content=\"Wood Studio Jardin\" \/>\n<meta property=\"article:modified_time\" content=\"2025-10-06T12:06:44+00:00\" \/>\n<meta property=\"og:image\" content=\"https:\/\/www.wood-studio-jardin.fr\/app\/uploads\/sites\/88\/2025\/10\/MAISON-4-3CH-VISUEL-EXT-3.jpg\" \/>\n\t<meta property=\"og:image:width\" content=\"1000\" \/>\n\t<meta property=\"og:image:height\" content=\"562\" \/>\n\t<meta property=\"og:image:type\" content=\"image\/jpeg\" \/>\n<meta name=\"author\" content=\"Laly\" \/>\n<meta name=\"twitter:card\" content=\"summary_large_image\" \/>\n<meta name=\"twitter:label1\" content=\"Prix\" \/>\n\t<meta name=\"twitter:data1\" content=\"153 742&euro;\" \/>\n\t<meta name=\"twitter:label2\" content=\"Availability\" \/>\n\t<meta name=\"twitter:data2\" content=\"In stock\" \/>\n<script type=\"application\/ld+json\" class=\"yoast-schema-graph\">{\"@context\":\"https:\/\/schema.org\",\"@graph\":[{\"@type\":\"WebSite\",\"@id\":\"https:\/\/www.wood-studio-jardin.fr\/#website\",\"url\":\"https:\/\/www.wood-studio-jardin.fr\/\",\"name\":\"Wood Studio Jardin\",\"description\":\"Studio de jardin, extension de maison sur Brest, Rennes, Vannes, St-Brieuc, Quimper, Lorient, Dinard, Dinan...\",\"potentialAction\":[{\"@type\":\"SearchAction\",\"target\":{\"@type\":\"EntryPoint\",\"urlTemplate\":\"https:\/\/www.wood-studio-jardin.fr\/?s={search_term_string}\"},\"query-input\":\"required name=search_term_string\"}],\"inLanguage\":\"fr-FR\"},{\"@type\":\"ImageObject\",\"inLanguage\":\"fr-FR\",\"@id\":\"https:\/\/www.wood-studio-jardin.fr\/modeles-studio-jardin-extension-maison\/type\/maison-85-m%c2%b2-3\/#primaryimage\",\"url\":\"https:\/\/www.wood-studio-jardin.fr\/app\/uploads\/sites\/88\/2025\/10\/MAISON-4-3CH-VISUEL-EXT-3.jpg\",\"contentUrl\":\"https:\/\/www.wood-studio-jardin.fr\/app\/uploads\/sites\/88\/2025\/10\/MAISON-4-3CH-VISUEL-EXT-3.jpg\",\"width\":1000,\"height\":562},{\"@type\":\"WebPage\",\"@id\":\"https:\/\/www.wood-studio-jardin.fr\/modeles-studio-jardin-extension-maison\/type\/maison-85-m%c2%b2-3\/#webpage\",\"url\":\"https:\/\/www.wood-studio-jardin.fr\/modeles-studio-jardin-extension-maison\/type\/maison-85-m%c2%b2-3\/\",\"name\":\"Maison 85 m\u00b2 - 3 chambres - Wood Studio Jardin Brest, Rennes, Vannes\",\"isPartOf\":{\"@id\":\"https:\/\/www.wood-studio-jardin.fr\/#website\"},\"primaryImageOfPage\":{\"@id\":\"https:\/\/www.wood-studio-jardin.fr\/modeles-studio-jardin-extension-maison\/type\/maison-85-m%c2%b2-3\/#primaryimage\"},\"datePublished\":\"2025-10-03T14:35:44+00:00\",\"dateModified\":\"2025-10-06T12:06:44+00:00\",\"description\":\"Une pi\u00e8ce pour une personne \u00e0 mobilit\u00e9 r\u00e9duite. Choisissez votre surface : extension de 15m2, extension de 20m2, 30m2 ou sur-mesure\",\"breadcrumb\":{\"@id\":\"https:\/\/www.wood-studio-jardin.fr\/modeles-studio-jardin-extension-maison\/type\/maison-85-m%c2%b2-3\/#breadcrumb\"},\"inLanguage\":\"fr-FR\",\"potentialAction\":[{\"@type\":\"ReadAction\",\"target\":[\"https:\/\/www.wood-studio-jardin.fr\/modeles-studio-jardin-extension-maison\/type\/maison-85-m%c2%b2-3\/\"]}]},{\"@type\":\"BreadcrumbList\",\"@id\":\"https:\/\/www.wood-studio-jardin.fr\/modeles-studio-jardin-extension-maison\/type\/maison-85-m%c2%b2-3\/#breadcrumb\",\"itemListElement\":[{\"@type\":\"ListItem\",\"position\":1,\"name\":\"Accueil\",\"item\":\"https:\/\/www.wood-studio-jardin.fr\/\"},{\"@type\":\"ListItem\",\"position\":2,\"name\":\"Mod\u00e8les de studio de jardin\",\"item\":\"https:\/\/www.wood-studio-jardin.fr\/modeles-studio-jardin-extension-maison\/\"},{\"@type\":\"ListItem\",\"position\":3,\"name\":\"Maison 85 m\u00b2 &#8211; 3 chambres\"}]}]}<\/script>\n<meta property=\"product:price:amount\" content=\"153742\" \/>\n<meta property=\"product:price:currency\" content=\"EUR\" \/>\n<meta property=\"og:availability\" content=\"instock\" \/>\n<meta property=\"product:availability\" content=\"instock\" \/>\n<meta property=\"product:retailer_item_id\" content=\"wood-001-1-1-1-1-1-1\" \/>\n<meta property=\"product:condition\" content=\"new\" \/>\n<!-- \/ Yoast SEO plugin. -->","yoast_head_json":{"title":"Maison 85 m\u00b2 - 3 chambres - Wood Studio Jardin Brest, Rennes, Vannes","description":"Une pi\u00e8ce pour une personne \u00e0 mobilit\u00e9 r\u00e9duite. Choisissez votre surface : extension de 15m2, extension de 20m2, 30m2 ou sur-mesure","robots":{"index":"index","follow":"follow","max-snippet":"max-snippet:-1","max-image-preview":"max-image-preview:large","max-video-preview":"max-video-preview:-1"},"canonical":"https:\/\/www.wood-studio-jardin.fr\/modeles-studio-jardin-extension-maison\/type\/maison-85-m\u00b2-3\/","og_locale":"fr_FR","og_type":"article","og_url":"https:\/\/www.wood-studio-jardin.fr\/modeles-studio-jardin-extension-maison\/type\/maison-85-m\u00b2-3\/","og_site_name":"Wood Studio Jardin","article_modified_time":"2025-10-06T12:06:44+00:00","og_image":[{"width":1000,"height":562,"url":"https:\/\/www.wood-studio-jardin.fr\/app\/uploads\/sites\/88\/2025\/10\/MAISON-4-3CH-VISUEL-EXT-3.jpg","type":"image\/jpeg"}],"author":"Laly","twitter_card":"summary_large_image","twitter_misc":{"Prix":"153 742&euro;","Availability":"In stock"},"schema":{"@context":"https:\/\/schema.org","@graph":[{"@type":"WebSite","@id":"https:\/\/www.wood-studio-jardin.fr\/#website","url":"https:\/\/www.wood-studio-jardin.fr\/","name":"Wood Studio Jardin","description":"Studio de jardin, extension de maison sur Brest, Rennes, Vannes, St-Brieuc, Quimper, Lorient, Dinard, Dinan...","potentialAction":[{"@type":"SearchAction","target":{"@type":"EntryPoint","urlTemplate":"https:\/\/www.wood-studio-jardin.fr\/?s={search_term_string}"},"query-input":"required name=search_term_string"}],"inLanguage":"fr-FR"},{"@type":"ImageObject","inLanguage":"fr-FR","@id":"https:\/\/www.wood-studio-jardin.fr\/modeles-studio-jardin-extension-maison\/type\/maison-85-m%c2%b2-3\/#primaryimage","url":"https:\/\/www.wood-studio-jardin.fr\/app\/uploads\/sites\/88\/2025\/10\/MAISON-4-3CH-VISUEL-EXT-3.jpg","contentUrl":"https:\/\/www.wood-studio-jardin.fr\/app\/uploads\/sites\/88\/2025\/10\/MAISON-4-3CH-VISUEL-EXT-3.jpg","width":1000,"height":562},{"@type":"WebPage","@id":"https:\/\/www.wood-studio-jardin.fr\/modeles-studio-jardin-extension-maison\/type\/maison-85-m%c2%b2-3\/#webpage","url":"https:\/\/www.wood-studio-jardin.fr\/modeles-studio-jardin-extension-maison\/type\/maison-85-m%c2%b2-3\/","name":"Maison 85 m\u00b2 - 3 chambres - Wood Studio Jardin Brest, Rennes, Vannes","isPartOf":{"@id":"https:\/\/www.wood-studio-jardin.fr\/#website"},"primaryImageOfPage":{"@id":"https:\/\/www.wood-studio-jardin.fr\/modeles-studio-jardin-extension-maison\/type\/maison-85-m%c2%b2-3\/#primaryimage"},"datePublished":"2025-10-03T14:35:44+00:00","dateModified":"2025-10-06T12:06:44+00:00","description":"Une pi\u00e8ce pour une personne \u00e0 mobilit\u00e9 r\u00e9duite. Choisissez votre surface : extension de 15m2, extension de 20m2, 30m2 ou sur-mesure","breadcrumb":{"@id":"https:\/\/www.wood-studio-jardin.fr\/modeles-studio-jardin-extension-maison\/type\/maison-85-m%c2%b2-3\/#breadcrumb"},"inLanguage":"fr-FR","potentialAction":[{"@type":"ReadAction","target":["https:\/\/www.wood-studio-jardin.fr\/modeles-studio-jardin-extension-maison\/type\/maison-85-m%c2%b2-3\/"]}]},{"@type":"BreadcrumbList","@id":"https:\/\/www.wood-studio-jardin.fr\/modeles-studio-jardin-extension-maison\/type\/maison-85-m%c2%b2-3\/#breadcrumb","itemListElement":[{"@type":"ListItem","position":1,"name":"Accueil","item":"https:\/\/www.wood-studio-jardin.fr\/"},{"@type":"ListItem","position":2,"name":"Mod\u00e8les de studio de jardin","item":"https:\/\/www.wood-studio-jardin.fr\/modeles-studio-jardin-extension-maison\/"},{"@type":"ListItem","position":3,"name":"Maison 85 m\u00b2 &#8211; 3 chambres"}]}]},"product_price_amount":"153742","product_price_currency":"EUR","og_availability":"instock","product_availability":"instock","product_retailer_item_id":"wood-001-1-1-1-1-1-1","product_condition":"new"},"_links":{"self":[{"href":"https:\/\/www.wood-studio-jardin.fr\/api\/wp\/v2\/product\/37845"}],"collection":[{"href":"https:\/\/www.wood-studio-jardin.fr\/api\/wp\/v2\/product"}],"about":[{"href":"https:\/\/www.wood-studio-jardin.fr\/api\/wp\/v2\/types\/product"}],"version-history":[{"count":13,"href":"https:\/\/www.wood-studio-jardin.fr\/api\/wp\/v2\/product\/37845\/revisions"}],"predecessor-version":[{"id":37885,"href":"https:\/\/www.wood-studio-jardin.fr\/api\/wp\/v2\/product\/37845\/revisions\/37885"}],"wp:featuredmedia":[{"embeddable":true,"href":"https:\/\/www.wood-studio-jardin.fr\/api\/wp\/v2\/media\/37833"}],"wp:attachment":[{"href":"https:\/\/www.wood-studio-jardin.fr\/api\/wp\/v2\/media?parent=37845"}],"wp:term":[{"taxonomy":"product_cat","embeddable":true,"href":"https:\/\/www.wood-studio-jardin.fr\/api\/wp\/v2\/product_cat?post=37845"},{"taxonomy":"product_tag","embeddable":true,"href":"https:\/\/www.wood-studio-jardin.fr\/api\/wp\/v2\/product_tag?post=37845"}],"curies":[{"name":"wp","href":"https:\/\/api.w.org\/{rel}","templated":true}]}}

<p>Découvrez cette maison fonctionnelle de 85 m² pour toute la famille avec trois chambres, salon-séjour, cuisine avec cellier, salle d’eau et WC.</p>

<!-- This site is optimized with the Yoast SEO plugin v19.2 - https://yoast.com/wordpress/plugins/seo/ -->
<title>Maison 85 m² - 3 chambres - Wood Studio Jardin Brest, Rennes, Vannes</title>
<meta name="description" content="Une pièce pour une personne à mobilité réduite. Choisissez votre surface : extension de 15m2, extension de 20m2, 30m2 ou sur-mesure" />
<meta name="robots" content="index, follow, max-snippet:-1, max-image-preview:large, max-video-preview:-1" />
<link rel="canonical" href="https://www.wood-studio-jardin.fr/modeles-studio-jardin-extension-maison/type/maison-85-m²-3/" />
<meta property="og:locale" content="fr_FR" />
<meta property="og:type" content="article" />
<meta property="og:url" content="https://www.wood-studio-jardin.fr/modeles-studio-jardin-extension-maison/type/maison-85-m²-3/" />
<meta property="og:site_name" content="Wood Studio Jardin" />
<meta property="article:modified_time" content="2025-10-06T12:06:44+00:00" />
<meta property="og:image" content="https://www.wood-studio-jardin.fr/app/uploads/sites/88/2025/10/MAISON-4-3CH-VISUEL-EXT-3.jpg" />
	<meta property="og:image:width" content="1000" />
	<meta property="og:image:height" content="562" />
	<meta property="og:image:type" content="image/jpeg" />
<meta name="author" content="Laly" />
<meta name="twitter:card" content="summary_large_image" />
<meta name="twitter:label1" content="Prix" />
	<meta name="twitter:data1" content="153 742&euro;" />
	<meta name="twitter:label2" content="Availability" />
	<meta name="twitter:data2" content="In stock" />
<script type="application/ld+json" class="yoast-schema-graph">{"@context":"https://schema.org","@graph":[{"@type":"WebSite","@id":"https://www.wood-studio-jardin.fr/#website","url":"https://www.wood-studio-jardin.fr/","name":"Wood Studio Jardin","description":"Studio de jardin, extension de maison sur Brest, Rennes, Vannes, St-Brieuc, Quimper, Lorient, Dinard, Dinan...","potentialAction":[{"@type":"SearchAction","target":{"@type":"EntryPoint","urlTemplate":"https://www.wood-studio-jardin.fr/?s={search_term_string}"},"query-input":"required name=search_term_string"}],"inLanguage":"fr-FR"},{"@type":"ImageObject","inLanguage":"fr-FR","@id":"https://www.wood-studio-jardin.fr/modeles-studio-jardin-extension-maison/type/maison-85-m%c2%b2-3/#primaryimage","url":"https://www.wood-studio-jardin.fr/app/uploads/sites/88/2025/10/MAISON-4-3CH-VISUEL-EXT-3.jpg","contentUrl":"https://www.wood-studio-jardin.fr/app/uploads/sites/88/2025/10/MAISON-4-3CH-VISUEL-EXT-3.jpg","width":1000,"height":562},{"@type":"WebPage","@id":"https://www.wood-studio-jardin.fr/modeles-studio-jardin-extension-maison/type/maison-85-m%c2%b2-3/#webpage","url":"https://www.wood-studio-jardin.fr/modeles-studio-jardin-extension-maison/type/maison-85-m%c2%b2-3/","name":"Maison 85 m² - 3 chambres - Wood Studio Jardin Brest, Rennes, Vannes","isPartOf":{"@id":"https://www.wood-studio-jardin.fr/#website"},"primaryImageOfPage":{"@id":"https://www.wood-studio-jardin.fr/modeles-studio-jardin-extension-maison/type/maison-85-m%c2%b2-3/#primaryimage"},"datePublished":"2025-10-03T14:35:44+00:00","dateModified":"2025-10-06T12:06:44+00:00","description":"Une pièce pour une personne à mobilité réduite. Choisissez votre surface : extension de 15m2, extension de 20m2, 30m2 ou sur-mesure","breadcrumb":{"@id":"https://www.wood-studio-jardin.fr/modeles-studio-jardin-extension-maison/type/maison-85-m%c2%b2-3/#breadcrumb"},"inLanguage":"fr-FR","potentialAction":[{"@type":"ReadAction","target":["https://www.wood-studio-jardin.fr/modeles-studio-jardin-extension-maison/type/maison-85-m%c2%b2-3/"]}]},{"@type":"BreadcrumbList","@id":"https://www.wood-studio-jardin.fr/modeles-studio-jardin-extension-maison/type/maison-85-m%c2%b2-3/#breadcrumb","itemListElement":[{"@type":"ListItem","position":1,"name":"Accueil","item":"https://www.wood-studio-jardin.fr/"},{"@type":"ListItem","position":2,"name":"Modèles de studio de jardin","item":"https://www.wood-studio-jardin.fr/modeles-studio-jardin-extension-maison/"},{"@type":"ListItem","position":3,"name":"Maison 85 m² &#8211; 3 chambres"}]}]}</script>
<meta property="product:price:amount" content="153742" />
<meta property="product:price:currency" content="EUR" />
<meta property="og:availability" content="instock" />
<meta property="product:availability" content="instock" />
<meta property="product:retailer_item_id" content="wood-001-1-1-1-1-1-1" />
<meta property="product:condition" content="new" />
<!-- / Yoast SEO plugin. -->

Une pièce pour une personne à mobilité réduite. Choisissez votre surface : extension de 15m2, extension de 20m2, 30m2 ou sur-mesure

Modèles de studio de jardin
