{"id":37583,"date":"2025-01-06T17:59:06","date_gmt":"2025-01-06T16:59:06","guid":{"rendered":"https:\/\/www.wood-studio-jardin.fr\/?post_type=product&#038;p=37583"},"modified":"2025-01-23T10:57:03","modified_gmt":"2025-01-23T09:57:03","slug":"extension-de-maison-pmr","status":"publish","type":"product","link":"https:\/\/www.wood-studio-jardin.fr\/modeles-studio-jardin-extension-maison\/type\/extension\/extension-de-maison-pmr\/","title":{"rendered":"Extension de maison PMR"},"content":{"rendered":"<p><strong>Une pi\u00e8ce en plus pour les personnes \u00e0 mobilit\u00e9 r\u00e9duite<\/strong><\/p>\n<p>Agrandissez votre maison gr\u00e2ce \u00e0 notre extension de maison en bois tout en respectant les normes d\u2019accessibilit\u00e9 pour les personnes \u00e0 mobilit\u00e9 r\u00e9duite.<\/p>\n<p>Nos agrandissements sont con\u00e7us pour vous offrir une configuration <strong>flexible et fonctionnelle<\/strong> qui s\u2019adapte parfaitement \u00e0 votre maison. Nos extensions compatibles PMR vous permettent d\u2019avoir un espace de vie suppl\u00e9mentaire de plain-pied, qui peut \u00eatre une solution pour ajouter certains espaces encore inexistants au rez-de-chauss\u00e9e (chambre, salle d\u2019eau\u2026) et prolonger ainsi au maximum l\u2019usage de l\u2019habitation existante.<\/p>\n<p>Nous concevons une v\u00e9ritable extension qui correspond \u00e0 votre projet et qui r\u00e9pond \u00e0 vos exigences en mati\u00e8re d\u2019espace, d\u2019esth\u00e9tique et de fonctionnalit\u00e9.<\/p>\n","protected":false},"excerpt":{"rendered":"<p>Nos agrandissements sont con\u00e7us pour vous offrir une configuration flexible et fonctionnelle qui s\u2019adapte parfaitement \u00e0 votre maison.<\/p>\n","protected":false},"featured_media":37721,"template":"","meta":{"_kad_post_transparent":"default","_kad_post_title":"","_kad_post_layout":"default","_kad_post_sidebar_id":"","_kad_post_content_style":"default","_kad_post_vertical_padding":"default","_kad_post_feature":"","_kad_post_feature_position":"","_kad_post_header":false,"_kad_post_footer":false},"product_cat":[572,623],"product_tag":[],"yoast_head":"<!-- This site is optimized with the Yoast SEO plugin v19.2 - https:\/\/yoast.com\/wordpress\/plugins\/seo\/ -->\n<title>Extension de maison PMR - Wood Studio Jardin Brest, Rennes, Vannes<\/title>\n<meta name=\"description\" content=\"Une pi\u00e8ce pour une personne \u00e0 mobilit\u00e9 r\u00e9duite. Choisissez votre surface : extension de 15m2, extension de 20m2, 30m2 ou sur-mesure\" \/>\n<meta name=\"robots\" content=\"index, follow, max-snippet:-1, max-image-preview:large, max-video-preview:-1\" \/>\n<link rel=\"canonical\" href=\"https:\/\/www.wood-studio-jardin.fr\/modeles-studio-jardin-extension-maison\/type\/extension\/extension-de-maison-pmr\/\" \/>\n<meta property=\"og:locale\" content=\"fr_FR\" \/>\n<meta property=\"og:type\" content=\"article\" \/>\n<meta property=\"og:url\" content=\"https:\/\/www.wood-studio-jardin.fr\/modeles-studio-jardin-extension-maison\/type\/extension\/extension-de-maison-pmr\/\" \/>\n<meta property=\"og:site_name\" content=\"Wood Studio Jardin\" \/>\n<meta property=\"article:modified_time\" content=\"2025-01-23T09:57:03+00:00\" \/>\n<meta property=\"og:image\" content=\"https:\/\/www.wood-studio-jardin.fr\/app\/uploads\/sites\/88\/2025\/01\/Extension-PMR-exterieur.jpg\" \/>\n\t<meta property=\"og:image:width\" content=\"1600\" \/>\n\t<meta property=\"og:image:height\" content=\"900\" \/>\n\t<meta property=\"og:image:type\" content=\"image\/jpeg\" \/>\n<meta name=\"author\" content=\"Bruno\" \/>\n<meta name=\"twitter:card\" content=\"summary_large_image\" \/>\n<meta name=\"twitter:label1\" content=\"Prix\" \/>\n\t<meta name=\"twitter:data1\" content=\"37 000&euro;\" \/>\n\t<meta name=\"twitter:label2\" content=\"Availability\" \/>\n\t<meta name=\"twitter:data2\" content=\"In stock\" \/>\n<script type=\"application\/ld+json\" class=\"yoast-schema-graph\">{\"@context\":\"https:\/\/schema.org\",\"@graph\":[{\"@type\":\"WebSite\",\"@id\":\"https:\/\/www.wood-studio-jardin.fr\/#website\",\"url\":\"https:\/\/www.wood-studio-jardin.fr\/\",\"name\":\"Wood Studio Jardin\",\"description\":\"Studio de jardin, extension de maison sur Brest, Rennes, Vannes, St-Brieuc, Quimper, Lorient, Dinard, Dinan...\",\"potentialAction\":[{\"@type\":\"SearchAction\",\"target\":{\"@type\":\"EntryPoint\",\"urlTemplate\":\"https:\/\/www.wood-studio-jardin.fr\/?s={search_term_string}\"},\"query-input\":\"required name=search_term_string\"}],\"inLanguage\":\"fr-FR\"},{\"@type\":\"ImageObject\",\"inLanguage\":\"fr-FR\",\"@id\":\"https:\/\/www.wood-studio-jardin.fr\/modeles-studio-jardin-extension-maison\/type\/extension\/extension-de-maison-pmr\/#primaryimage\",\"url\":\"https:\/\/www.wood-studio-jardin.fr\/app\/uploads\/sites\/88\/2025\/01\/Extension-PMR-exterieur.jpg\",\"contentUrl\":\"https:\/\/www.wood-studio-jardin.fr\/app\/uploads\/sites\/88\/2025\/01\/Extension-PMR-exterieur.jpg\",\"width\":1600,\"height\":900},{\"@type\":\"WebPage\",\"@id\":\"https:\/\/www.wood-studio-jardin.fr\/modeles-studio-jardin-extension-maison\/type\/extension\/extension-de-maison-pmr\/#webpage\",\"url\":\"https:\/\/www.wood-studio-jardin.fr\/modeles-studio-jardin-extension-maison\/type\/extension\/extension-de-maison-pmr\/\",\"name\":\"Extension de maison PMR - Wood Studio Jardin Brest, Rennes, Vannes\",\"isPartOf\":{\"@id\":\"https:\/\/www.wood-studio-jardin.fr\/#website\"},\"primaryImageOfPage\":{\"@id\":\"https:\/\/www.wood-studio-jardin.fr\/modeles-studio-jardin-extension-maison\/type\/extension\/extension-de-maison-pmr\/#primaryimage\"},\"datePublished\":\"2025-01-06T16:59:06+00:00\",\"dateModified\":\"2025-01-23T09:57:03+00:00\",\"description\":\"Une pi\u00e8ce pour une personne \u00e0 mobilit\u00e9 r\u00e9duite. Choisissez votre surface : extension de 15m2, extension de 20m2, 30m2 ou sur-mesure\",\"breadcrumb\":{\"@id\":\"https:\/\/www.wood-studio-jardin.fr\/modeles-studio-jardin-extension-maison\/type\/extension\/extension-de-maison-pmr\/#breadcrumb\"},\"inLanguage\":\"fr-FR\",\"potentialAction\":[{\"@type\":\"ReadAction\",\"target\":[\"https:\/\/www.wood-studio-jardin.fr\/modeles-studio-jardin-extension-maison\/type\/extension\/extension-de-maison-pmr\/\"]}]},{\"@type\":\"BreadcrumbList\",\"@id\":\"https:\/\/www.wood-studio-jardin.fr\/modeles-studio-jardin-extension-maison\/type\/extension\/extension-de-maison-pmr\/#breadcrumb\",\"itemListElement\":[{\"@type\":\"ListItem\",\"position\":1,\"name\":\"Accueil\",\"item\":\"https:\/\/www.wood-studio-jardin.fr\/\"},{\"@type\":\"ListItem\",\"position\":2,\"name\":\"Mod\u00e8les de studio de jardin\",\"item\":\"https:\/\/www.wood-studio-jardin.fr\/modeles-studio-jardin-extension-maison\/\"},{\"@type\":\"ListItem\",\"position\":3,\"name\":\"Extension de maison PMR\"}]}]}<\/script>\n<meta property=\"product:price:amount\" content=\"37000\" \/>\n<meta property=\"product:price:currency\" content=\"EUR\" \/>\n<meta property=\"og:availability\" content=\"instock\" \/>\n<meta property=\"product:availability\" content=\"instock\" \/>\n<meta property=\"product:retailer_item_id\" content=\"wood-001-1-1-1-1-1\" \/>\n<meta property=\"product:condition\" content=\"new\" \/>\n<!-- \/ Yoast SEO plugin. -->","yoast_head_json":{"title":"Extension de maison PMR - Wood Studio Jardin Brest, Rennes, Vannes","description":"Une pi\u00e8ce pour une personne \u00e0 mobilit\u00e9 r\u00e9duite. Choisissez votre surface : extension de 15m2, extension de 20m2, 30m2 ou sur-mesure","robots":{"index":"index","follow":"follow","max-snippet":"max-snippet:-1","max-image-preview":"max-image-preview:large","max-video-preview":"max-video-preview:-1"},"canonical":"https:\/\/www.wood-studio-jardin.fr\/modeles-studio-jardin-extension-maison\/type\/extension\/extension-de-maison-pmr\/","og_locale":"fr_FR","og_type":"article","og_url":"https:\/\/www.wood-studio-jardin.fr\/modeles-studio-jardin-extension-maison\/type\/extension\/extension-de-maison-pmr\/","og_site_name":"Wood Studio Jardin","article_modified_time":"2025-01-23T09:57:03+00:00","og_image":[{"width":1600,"height":900,"url":"https:\/\/www.wood-studio-jardin.fr\/app\/uploads\/sites\/88\/2025\/01\/Extension-PMR-exterieur.jpg","type":"image\/jpeg"}],"author":"Bruno","twitter_card":"summary_large_image","twitter_misc":{"Prix":"37 000&euro;","Availability":"In stock"},"schema":{"@context":"https:\/\/schema.org","@graph":[{"@type":"WebSite","@id":"https:\/\/www.wood-studio-jardin.fr\/#website","url":"https:\/\/www.wood-studio-jardin.fr\/","name":"Wood Studio Jardin","description":"Studio de jardin, extension de maison sur Brest, Rennes, Vannes, St-Brieuc, Quimper, Lorient, Dinard, Dinan...","potentialAction":[{"@type":"SearchAction","target":{"@type":"EntryPoint","urlTemplate":"https:\/\/www.wood-studio-jardin.fr\/?s={search_term_string}"},"query-input":"required name=search_term_string"}],"inLanguage":"fr-FR"},{"@type":"ImageObject","inLanguage":"fr-FR","@id":"https:\/\/www.wood-studio-jardin.fr\/modeles-studio-jardin-extension-maison\/type\/extension\/extension-de-maison-pmr\/#primaryimage","url":"https:\/\/www.wood-studio-jardin.fr\/app\/uploads\/sites\/88\/2025\/01\/Extension-PMR-exterieur.jpg","contentUrl":"https:\/\/www.wood-studio-jardin.fr\/app\/uploads\/sites\/88\/2025\/01\/Extension-PMR-exterieur.jpg","width":1600,"height":900},{"@type":"WebPage","@id":"https:\/\/www.wood-studio-jardin.fr\/modeles-studio-jardin-extension-maison\/type\/extension\/extension-de-maison-pmr\/#webpage","url":"https:\/\/www.wood-studio-jardin.fr\/modeles-studio-jardin-extension-maison\/type\/extension\/extension-de-maison-pmr\/","name":"Extension de maison PMR - Wood Studio Jardin Brest, Rennes, Vannes","isPartOf":{"@id":"https:\/\/www.wood-studio-jardin.fr\/#website"},"primaryImageOfPage":{"@id":"https:\/\/www.wood-studio-jardin.fr\/modeles-studio-jardin-extension-maison\/type\/extension\/extension-de-maison-pmr\/#primaryimage"},"datePublished":"2025-01-06T16:59:06+00:00","dateModified":"2025-01-23T09:57:03+00:00","description":"Une pi\u00e8ce pour une personne \u00e0 mobilit\u00e9 r\u00e9duite. Choisissez votre surface : extension de 15m2, extension de 20m2, 30m2 ou sur-mesure","breadcrumb":{"@id":"https:\/\/www.wood-studio-jardin.fr\/modeles-studio-jardin-extension-maison\/type\/extension\/extension-de-maison-pmr\/#breadcrumb"},"inLanguage":"fr-FR","potentialAction":[{"@type":"ReadAction","target":["https:\/\/www.wood-studio-jardin.fr\/modeles-studio-jardin-extension-maison\/type\/extension\/extension-de-maison-pmr\/"]}]},{"@type":"BreadcrumbList","@id":"https:\/\/www.wood-studio-jardin.fr\/modeles-studio-jardin-extension-maison\/type\/extension\/extension-de-maison-pmr\/#breadcrumb","itemListElement":[{"@type":"ListItem","position":1,"name":"Accueil","item":"https:\/\/www.wood-studio-jardin.fr\/"},{"@type":"ListItem","position":2,"name":"Mod\u00e8les de studio de jardin","item":"https:\/\/www.wood-studio-jardin.fr\/modeles-studio-jardin-extension-maison\/"},{"@type":"ListItem","position":3,"name":"Extension de maison PMR"}]}]},"product_price_amount":"37000","product_price_currency":"EUR","og_availability":"instock","product_availability":"instock","product_retailer_item_id":"wood-001-1-1-1-1-1","product_condition":"new"},"_links":{"self":[{"href":"https:\/\/www.wood-studio-jardin.fr\/api\/wp\/v2\/product\/37583"}],"collection":[{"href":"https:\/\/www.wood-studio-jardin.fr\/api\/wp\/v2\/product"}],"about":[{"href":"https:\/\/www.wood-studio-jardin.fr\/api\/wp\/v2\/types\/product"}],"version-history":[{"count":2,"href":"https:\/\/www.wood-studio-jardin.fr\/api\/wp\/v2\/product\/37583\/revisions"}],"predecessor-version":[{"id":37597,"href":"https:\/\/www.wood-studio-jardin.fr\/api\/wp\/v2\/product\/37583\/revisions\/37597"}],"wp:featuredmedia":[{"embeddable":true,"href":"https:\/\/www.wood-studio-jardin.fr\/api\/wp\/v2\/media\/37721"}],"wp:attachment":[{"href":"https:\/\/www.wood-studio-jardin.fr\/api\/wp\/v2\/media?parent=37583"}],"wp:term":[{"taxonomy":"product_cat","embeddable":true,"href":"https:\/\/www.wood-studio-jardin.fr\/api\/wp\/v2\/product_cat?post=37583"},{"taxonomy":"product_tag","embeddable":true,"href":"https:\/\/www.wood-studio-jardin.fr\/api\/wp\/v2\/product_tag?post=37583"}],"curies":[{"name":"wp","href":"https:\/\/api.w.org\/{rel}","templated":true}]}}

<p><strong>Une pièce en plus pour les personnes à mobilité réduite</strong></p>
<p>Agrandissez votre maison grâce à notre extension de maison en bois tout en respectant les normes d’accessibilité pour les personnes à mobilité réduite.</p>
<p>Nos agrandissements sont conçus pour vous offrir une configuration <strong>flexible et fonctionnelle</strong> qui s’adapte parfaitement à votre maison. Nos extensions compatibles PMR vous permettent d’avoir un espace de vie supplémentaire de plain-pied, qui peut être une solution pour ajouter certains espaces encore inexistants au rez-de-chaussée (chambre, salle d’eau…) et prolonger ainsi au maximum l’usage de l’habitation existante.</p>
<p>Nous concevons une véritable extension qui correspond à votre projet et qui répond à vos exigences en matière d’espace, d’esthétique et de fonctionnalité.</p>

<p>Nos agrandissements sont conçus pour vous offrir une configuration flexible et fonctionnelle qui s’adapte parfaitement à votre maison.</p>

<!-- This site is optimized with the Yoast SEO plugin v19.2 - https://yoast.com/wordpress/plugins/seo/ -->
<title>Extension de maison PMR - Wood Studio Jardin Brest, Rennes, Vannes</title>
<meta name="description" content="Une pièce pour une personne à mobilité réduite. Choisissez votre surface : extension de 15m2, extension de 20m2, 30m2 ou sur-mesure" />
<meta name="robots" content="index, follow, max-snippet:-1, max-image-preview:large, max-video-preview:-1" />
<link rel="canonical" href="https://www.wood-studio-jardin.fr/modeles-studio-jardin-extension-maison/type/extension/extension-de-maison-pmr/" />
<meta property="og:locale" content="fr_FR" />
<meta property="og:type" content="article" />
<meta property="og:url" content="https://www.wood-studio-jardin.fr/modeles-studio-jardin-extension-maison/type/extension/extension-de-maison-pmr/" />
<meta property="og:site_name" content="Wood Studio Jardin" />
<meta property="article:modified_time" content="2025-01-23T09:57:03+00:00" />
<meta property="og:image" content="https://www.wood-studio-jardin.fr/app/uploads/sites/88/2025/01/Extension-PMR-exterieur.jpg" />
	<meta property="og:image:width" content="1600" />
	<meta property="og:image:height" content="900" />
	<meta property="og:image:type" content="image/jpeg" />
<meta name="author" content="Bruno" />
<meta name="twitter:card" content="summary_large_image" />
<meta name="twitter:label1" content="Prix" />
	<meta name="twitter:data1" content="37 000&euro;" />
	<meta name="twitter:label2" content="Availability" />
	<meta name="twitter:data2" content="In stock" />
<script type="application/ld+json" class="yoast-schema-graph">{"@context":"https://schema.org","@graph":[{"@type":"WebSite","@id":"https://www.wood-studio-jardin.fr/#website","url":"https://www.wood-studio-jardin.fr/","name":"Wood Studio Jardin","description":"Studio de jardin, extension de maison sur Brest, Rennes, Vannes, St-Brieuc, Quimper, Lorient, Dinard, Dinan...","potentialAction":[{"@type":"SearchAction","target":{"@type":"EntryPoint","urlTemplate":"https://www.wood-studio-jardin.fr/?s={search_term_string}"},"query-input":"required name=search_term_string"}],"inLanguage":"fr-FR"},{"@type":"ImageObject","inLanguage":"fr-FR","@id":"https://www.wood-studio-jardin.fr/modeles-studio-jardin-extension-maison/type/extension/extension-de-maison-pmr/#primaryimage","url":"https://www.wood-studio-jardin.fr/app/uploads/sites/88/2025/01/Extension-PMR-exterieur.jpg","contentUrl":"https://www.wood-studio-jardin.fr/app/uploads/sites/88/2025/01/Extension-PMR-exterieur.jpg","width":1600,"height":900},{"@type":"WebPage","@id":"https://www.wood-studio-jardin.fr/modeles-studio-jardin-extension-maison/type/extension/extension-de-maison-pmr/#webpage","url":"https://www.wood-studio-jardin.fr/modeles-studio-jardin-extension-maison/type/extension/extension-de-maison-pmr/","name":"Extension de maison PMR - Wood Studio Jardin Brest, Rennes, Vannes","isPartOf":{"@id":"https://www.wood-studio-jardin.fr/#website"},"primaryImageOfPage":{"@id":"https://www.wood-studio-jardin.fr/modeles-studio-jardin-extension-maison/type/extension/extension-de-maison-pmr/#primaryimage"},"datePublished":"2025-01-06T16:59:06+00:00","dateModified":"2025-01-23T09:57:03+00:00","description":"Une pièce pour une personne à mobilité réduite. Choisissez votre surface : extension de 15m2, extension de 20m2, 30m2 ou sur-mesure","breadcrumb":{"@id":"https://www.wood-studio-jardin.fr/modeles-studio-jardin-extension-maison/type/extension/extension-de-maison-pmr/#breadcrumb"},"inLanguage":"fr-FR","potentialAction":[{"@type":"ReadAction","target":["https://www.wood-studio-jardin.fr/modeles-studio-jardin-extension-maison/type/extension/extension-de-maison-pmr/"]}]},{"@type":"BreadcrumbList","@id":"https://www.wood-studio-jardin.fr/modeles-studio-jardin-extension-maison/type/extension/extension-de-maison-pmr/#breadcrumb","itemListElement":[{"@type":"ListItem","position":1,"name":"Accueil","item":"https://www.wood-studio-jardin.fr/"},{"@type":"ListItem","position":2,"name":"Modèles de studio de jardin","item":"https://www.wood-studio-jardin.fr/modeles-studio-jardin-extension-maison/"},{"@type":"ListItem","position":3,"name":"Extension de maison PMR"}]}]}</script>
<meta property="product:price:amount" content="37000" />
<meta property="product:price:currency" content="EUR" />
<meta property="og:availability" content="instock" />
<meta property="product:availability" content="instock" />
<meta property="product:retailer_item_id" content="wood-001-1-1-1-1-1" />
<meta property="product:condition" content="new" />
<!-- / Yoast SEO plugin. -->

Une pièce pour une personne à mobilité réduite. Choisissez votre surface : extension de 15m2, extension de 20m2, 30m2 ou sur-mesure

Modèles de studio de jardin
